remainder when 22 is divided by o(y)?
2
Suppose 118 = -4*g + 2*h, 4*g + 156 - 20 = -4*h. Let x = 35 + g. What is the remainder when (3/(-1))/(6/(-20)) is divided by x?
2
Suppose 0*m = -5*m - 2*v + 39, -5*m = -5*v - 25. Calculate the remainder when 26 is divided by m.
5
Calculate the remainder when (47*-1 - 2)*(1 - 2) is divided by 9.
4
Let u(q) = q**2 - 5*q + 7. Suppose 0*a - a = 1, 5*p + 1 = -a. Suppose p = -f - 0*f + 9. Calculate the remainder when u(f) is divided by 15.
13
Suppose -11*f = 221 - 683. What is the remainder when f is divided by 25?
17
Let t be ((-53)/(-3))/(15/(-45)). Let r = 88 + t. Calculate the remainder when r is divided by 6.
5
Suppose 4*q - 84 = 4*f, 4*q - 57 = -f - 4*f. Let l = -12 + q. What is the remainder when 16 is divided by l?
4
Let c(m) = m**3 + 13*m**2 + 9*m - 15. What is the remainder when 58 is divided by c(-12)?
16
Let u(j) = 6*j + 13. What is the remainder when u(8) is divided by 9?
7
Suppose 4*t - 2*z - 67 = 3*z, t = z + 17. Suppose -4*h + 3*h = -o - 3, 3*h + 4*o + 12 = 0. Calculate the remainder when t is divided by -3 + h + 6 - -7.
8
Calculate the remainder when 47 is divided by 40/(-8) - 6*-2.
5
Suppose 0*g - 5*g = -v + 27, -3*g = -5*v + 25. Let w be (3 - 1)/(v/15). Let u = w - 4. What is the remainder when 21 is divided by u?
10
Let c(v) = v**3 + 11*v**2 - 13*v + 26. What is the remainder when c(-12) is divided by 14?
10
Let f(w) be the first derivative of -w**2/2 - w + 1. What is the remainder when f(-8) is divided by 4?
3
Let b = 18 + 12. Let g = b + -14. Suppose 5*q = -m + 6 + 13, 2 = q. Calculate the remainder when g is divided by m.
7
Calculate the remainder when 27 is divided by (-1 + 2)/(1/7).
6
Suppose -5*o - 35 = 5*m, -2*m - 23 = -o + 3*m. Let k be (o - 42/(-15))*75. Suppose 16 = -4*w + k. Calculate the remainder when 21 is divided by w.
10
Suppose -5*a + 25 = 225. Let i = 67 + a. What is the remainder when i is divided by 10?
7
Let p(v) be the third derivative of -v**6/120 + 7*v**5/60 - v**4/6 - v**3/3 + 4*v**2. What is the remainder when (-6)/(-15) + (-93)/(-5) is divided by p(6)?
9
Suppose 0 = 4*s + o - 0*o - 48, -s = 3*o - 23. Calculate the remainder when 76 is divided by s.
10
Calculate the remainder when 52/(-91) + (-22)/(-14) + 14 is divided by 4.
3
Suppose -6*v + 270 = -v. Suppose -4*n = -0*n - 56. Calculate the remainder when v is divided by n.
12
Let u = 2 + 1. Let o(s) = -s**2 - s + 5. Let i be o(0). What is the remainder when i + 4 + -3 + 0 is divided by u?
0
Let q(j) = 2*j**2 - 5*j + 5. Suppose -3*d = 3*f - 120 - 27, 3*d - 99 = -2*f. What is the remainder when f is divided by q(4)?
14
Let l(y) = 21*y + 1. What is the remainder when l(2) is divided by 1*4*(-55)/(-20)?
10
Let f = 13 + -9. What is the remainder when 17 is divided by ((-2)/(-6))/(f/72)?
5
Let g = 4 + -2. Let p = g - -3. Suppose -p*j - x + 147 = 0, -2*j - 4*x = 3*j - 153. Calculate the remainder when j is divided by 10.
9
Let i(r) = r + 3. Suppose -13 = -m - 1. Calculate the remainder when m is divided by i(4).
5
Suppose -3*z + m = -49, 3*z - m - 50 = m. Calculate the remainder when 31 is divided by z.
15
Suppose 0*j - 3*j = -6. Let r = 2 - 1. Calculate the remainder when 1/r - (-2)/2 is divided by j.
0
Suppose 5*z - 18 + 2 = -2*d, z = 0. What is the remainder when d is divided by 4?
0
Suppose 3*b - 15 = -2*b. Suppose 0*j + b*j = -30. What is the remainder when (-218)/j + 4/20 is divided by 8?
6
Let k = 343 - 182. Calculate the remainder when k is divided by 27.
26
Suppose -30 = -d + 37. Suppose d - 7 = 5*u. What is the remainder when ((-6)/3 - 78/(-18))*15 is divided by u?
11
Let v be -2*2/(-8)*2. Let p = v + 13. What is the remainder when p is divided by 8?
6
Let i(r) = -7*r + 5. Let a be i(-5). Suppose 2*c = -2 + a. What is the remainder when 55 is divided by c?
17
Suppose 0 = 2*s + 4 - 8. Suppose 5*y - s*y = 66. What is the remainder when 42 is divided by y?
20
Let h = 36 - 32. Calculate the remainder when h is divided by 3.
1
Let i(v) = -v**2 + v + 14. Suppose -2*a - 19 = -r + 2*a, -3*r + 2*a = -47. Let w = -10 + r. Calculate the remainder when i(0) is divided by w.
4
Let a(d) = d**3 - d**2 + 11. Let t be a(0). Let m be (-21)/(-6) + 1/2. Let n = t - m. What is the remainder when n is divided by 4?
3
Let p be (15/(-6))/(2/(-4)). Suppose p*d = 6 + 59. Calculate the remainder when 63 is divided by d.
11
Suppose 0 = -5*n + 5*c + 220, -5*n + 2*c + 135 + 79 = 0. Calculate the remainder when n is divided by 15.
12
Suppose 5*h - 67 = -s, -3*h + 4*s = 2*h - 57. What is the remainder when h is divided by 4?
1
Let c(g) = -3*g - 5. What is the remainder when 13 is divided by c(-4)?
6
Let d(h) = 4*h - 3. Let n be 5*1 + -5 + 6. Suppose -5*b + 39 = -t - 19, -5*t = 15. What is the remainder when d(n) is divided by b?
10
Suppose 0 = -2*i - 3*b + 3, 2*b - 7*b + 4 = 3*i. What is the remainder when i - (-2)/(-6)*3 is divided by 2?
0
Suppose 165 = -2*g + 257. What is the remainder when g is divided by 2/6 - (-94)/6?
14
Suppose 2*p = p + 34. Calculate the remainder when p is divided by (7/28)/(3/108).
7
Let d = 17 - 17. Suppose n - 5*g + 8 = d, 4*n + 3*g = 7*g. What is the remainder when 5 is divided by n?
1
Suppose 11 = 4*d - 4*j - 13, -1 = j. Calculate the remainder when 18 is divided by d.
3
Let t(s) = -4*s. Let y be t(-1). Let n = 3 - y. What is the remainder when 2 - n/((-1)/(-24)) is divided by 14?
12
Calculate the remainder when 165/5 + 1 + 3 is divided by 20.
17
Let o(t) = 2*t**3 + 13*t**2 - 2*t - 5. What is the remainder when o(-6) is divided by 26?
17
Let m = -17 + 98. Calculate the remainder when m is divided by 17.
13
Suppose 4*a - 229 = 407. Calculate the remainder when a is divided by 20.
19
Let k be -1 + 3/(-1 + 4). Suppose 4*u = -k + 8, 3*w + u - 125 = 0. What is the remainder when w is divided by 22?
19
Let p = 166 + -149. Suppose 2*t - 5*t = -9. Suppose -v = t*h - 150, v + 107 = 2*h + 4*v. Calculate the remainder when h is divided by p.
15
Suppose 220 = 6*v + 70. Calculate the remainder when v is divided by 6.
1
Let z(l) = -15*l + 4. Let d be (-1)/(4/5 + -1). Let s = d - -12. Calculate the remainder when z(-3) is divided by s.
15
Suppose 3*u - 2*u - 2*d = 776, 4*d - 1568 = -2*u. Calculate the remainder when u/16 - 3/(-12) is divided by 17.
15
Suppose 0*r + 4*r - 5*l + 5 = 0, 3 = -2*r + 3*l. Suppose -y - 3*y + 80 = r. Let m = 40 - 29. What is the remainder when y is divided by m?
9
Suppose -4*p - 81 = -5*r, -4*p = 3*r - 9*p - 46. Let u = 4 - -1. Calculate the remainder when r is divided by u.
2
Let j be (-2 - -14)/3 - 1. Suppose j*o + o - 20 = 0. Calculate the remainder when (-819)/(-15) - (-2)/o is divided by 19.
17
Let u = -10 + -1. Let c = 42 + u. Calculate the remainder when c is divided by 17.
14
Suppose -92*t + 96 = -89*t. Calculate the remainder when 122 is divided by t.
26
Suppose 9 = -5*w + 119. Let r = 131 + -44. What is the remainder when r is divided by w?
21
Suppose 0 = -s - 3*r + 34, -2*s - 5*r + 69 = -0*r. Suppose -5*l + 55 = -5*n, l + 3*n - 7 - 12 = 0. Calculate the remainder when s is divided by l.
11
Suppose 6*i - 27 = 3*i. Suppose 0 = -3*a - 5*s + 1, -a + 3*s + 2 = -3. Calculate the remainder when (i/6)/(a/12) is divided by 5.
4
Let p = 2 - 5. Let a = 17 + p. Let g = a + -2. What is the remainder when g is divided by 7?
5
Suppose p - 3*y = 12 + 1, 2*p - 4*y = 20. What is the remainder when 15 is divided by p?
3
Calculate the remainder when 57 is divided by (3 - 1/1) + 13.
12
Suppose 0 = -i + 3*m - 4, -5*m - 4 = i - m. Let p be 14/12 - i/(-24). Let q(c) = 33*c**3 - 2*c**2 + 1. What is the remainder when q(p) is divided by 11?
10
Suppose -k - 3*q + 13 = -21, 0 = -5*k + 3*q + 134. Let z = -14 + k. Suppose 4*y - 18 - z = 0. Calculate the remainder when 23 is divided by y.
7
Let i = -25 + 8. Let k = i - -29. What is the remainder when 34 is divided by k?
10
Calculate the remainder when 12 is divided by (-130)/(-15) + 4/(-6).
4
Suppose -14*s + 336 = -6*s. Suppose -38 = -3*t + 3*w - 2*w, -t + 3*w + 26 = 0. Calculate the remainder when s is divided by t.
9
Suppose -194 = -4*b + 2*d, -3*d = -6 + 3. Calculate the remainder when b is divided by 13.
10
Let y = -7 + 11. Let i be y*(6/(-4) + 2). Let q = 11 + i. What is the remainder when 25 is divided by q?
12
Let y(w) = -2*w - 7. Calculate the remainder when 